{"id":13724,"date":"2023-07-17T13:20:51","date_gmt":"2023-07-17T11:20:51","guid":{"rendered":"https:\/\/www.epcsrl.eu\/?post_type=portfolio_page&#038;p=13724"},"modified":"2024-10-23T13:47:59","modified_gmt":"2024-10-23T11:47:59","slug":"scrittura-del-progetto-riscopro","status":"publish","type":"portfolio_page","link":"https:\/\/www.epcsrl.eu\/it\/portfolio_page\/scrittura-del-progetto-riscopro\/","title":{"rendered":"Scrittura del Progetto RiScopro, le Risorgive di Bressanvido"},"content":{"rendered":"<p>Servizio di ideazione e scrittura di un progetto presentato sul bando FORMAT call 2022 della Fondazione Cariverona.<\/p>\n<p>Il progetto \u00e8 pensato per sensibilizzare e rendere consapevoli bambini e ragazzi rispetto alle tematiche ambientali. Sono stati offerti servizi di supporto ai partner di progetto nell\u2019impostazione strategica, nel coordinamento delle attivit\u00e0, nella stesura della reportistica e nella gestione dei contatti e delle relazioni tra i partner di progetto. Oltre a ci\u00f2, su incarico del Comune di Bressanvido, sono state svolte attivit\u00e0 di comunicazione \u2013 soprattutto attraverso i social media Instagram e Facebook \u2013 e organizzazione di conferenze.<\/p>\n<p>Per maggiori informazioni clicca <a href=\"https:\/\/www.epcsrl.eu\/riscopro-conoscere-per-proteggere-conoscere-per-scegliere\/\">qui<\/a><\/p>\n<p>Di seguito i link alle pagine di progetto:<\/p>\n<p><a href=\"https:\/\/www.facebook.com\/riscoprobressanvido\" target=\"_blank\" rel=\"noopener\">Pagina Facebook di RiScopro<\/a><\/p>\n<p><a href=\"https:\/\/www.instagram.com\/risorgivedibressanvido\/\" target=\"_blank\" rel=\"noopener\">Pagina Instagram di RiScopro<\/a><\/p>\n","protected":false},"featured_media":44344,"template":"","portfolio_category":[29],"portfolio_tag":[91,113,92,114,93,115,116,95],"class_list":["post-13724","portfolio_page","type-portfolio_page","status-publish","has-post-thumbnail","hentry","portfolio_category-europrogettazione","portfolio_tag-acqua","portfolio_tag-biodiversita","portfolio_tag-climate-change","portfolio_tag-educazione-ambientale","portfolio_tag-europrogettazione","portfolio_tag-sensibilizzazione-ambientale","portfolio_tag-sostenibilita","portfolio_tag-water"],"acf":[],"_links":{"self":[{"href":"https:\/\/www.epcsrl.eu\/it\/wp-json\/wp\/v2\/portfolio_page\/13724","targetHints":{"allow":["GET"]}}],"collection":[{"href":"https:\/\/www.epcsrl.eu\/it\/wp-json\/wp\/v2\/portfolio_page"}],"about":[{"href":"https:\/\/www.epcsrl.eu\/it\/wp-json\/wp\/v2\/types\/portfolio_page"}],"wp:featuredmedia":[{"embeddable":true,"href":"https:\/\/www.epcsrl.eu\/it\/wp-json\/wp\/v2\/media\/44344"}],"wp:attachment":[{"href":"https:\/\/www.epcsrl.eu\/it\/wp-json\/wp\/v2\/media?parent=13724"}],"wp:term":[{"taxonomy":"portfolio_category","embeddable":true,"href":"https:\/\/www.epcsrl.eu\/it\/wp-json\/wp\/v2\/portfolio_category?post=13724"},{"taxonomy":"portfolio_tag","embeddable":true,"href":"https:\/\/www.epcsrl.eu\/it\/wp-json\/wp\/v2\/portfolio_tag?post=13724"}],"curies":[{"name":"wp","href":"https:\/\/api.w.org\/{rel}","templated":true}]}}

<p>Servizio di ideazione e scrittura di un progetto presentato sul bando FORMAT call 2022 della Fondazione Cariverona.</p>
<p>Il progetto è pensato per sensibilizzare e rendere consapevoli bambini e ragazzi rispetto alle tematiche ambientali. Sono stati offerti servizi di supporto ai partner di progetto nell’impostazione strategica, nel coordinamento delle attività, nella stesura della reportistica e nella gestione dei contatti e delle relazioni tra i partner di progetto. Oltre a ciò, su incarico del Comune di Bressanvido, sono state svolte attività di comunicazione – soprattutto attraverso i social media Instagram e Facebook – e organizzazione di conferenze.</p>
<p>Per maggiori informazioni clicca <a href="https://www.epcsrl.eu/riscopro-conoscere-per-proteggere-conoscere-per-scegliere/">qui</a></p>
<p>Di seguito i link alle pagine di progetto:</p>
<p><a href="https://www.facebook.com/riscoprobressanvido" target="_blank" rel="noopener">Pagina Facebook di RiScopro</a></p>
<p><a href="https://www.instagram.com/risorgivedibressanvido/" target="_blank" rel="noopener">Pagina Instagram di RiScopro</a></p>
