{"id":44300,"date":"2024-10-22T10:26:43","date_gmt":"2024-10-22T08:26:43","guid":{"rendered":"https:\/\/www.epcsrl.eu\/?post_type=portfolio_page&#038;p=44300"},"modified":"2024-10-23T09:56:08","modified_gmt":"2024-10-23T07:56:08","slug":"project-and-financial-management-di-aliena-aligning-efforts-to-control-non-indigenous-species-in-the-adriatic-sea","status":"publish","type":"portfolio_page","link":"https:\/\/www.epcsrl.eu\/it\/portfolio_page\/project-and-financial-management-di-aliena-aligning-efforts-to-control-non-indigenous-species-in-the-adriatic-sea\/","title":{"rendered":"Project and Financial Management di ALIENA \u2013 ALIgning Efforts to control Non-indigenous species in the Adriatic sea"},"content":{"rendered":"\n<p>Servizio di assistenza tecnica e finanziaria nella gestione delle attivit\u00e0 progettuali a carico della <a href=\"https:\/\/www.regione.puglia.it\/\" target=\"_blank\" rel=\"noopener\">Regione Puglia<\/a>, sia in qualit\u00e0 di coordinatore che in qualit\u00e0 di partner di progetto. Attivit\u00e0 di Project Management, rendicontazione, supporto al coordinamento del partenariato e comunicazione interna, assistenza nella gestione dei rapporti con il JS e l\u2019AdG.<\/p>\n\n\n\n<p>ALIENA (ALIgning Efforts to control Non-indigenous species in the Adriatic sea) \u00e8 un progetto Standard finanziato nell&#8217;ambito del 1\u00b0 bando del Programma Italia-Croazia. ALIENA si propone di promuovere informazioni e un sistema di monitoraggio condiviso per migliorare la protezione della biodiversit\u00e0 contro le specie NIS (non indigene), partendo dall&#8217;identificazione di NIS target che potrebbero rappresentare una minaccia per gli ecosistemi marini locali e arrivando a sviluppare soluzioni di allerta precoce.<\/p>\n\n\n\n<p>Sito: <a href=\"https:\/\/www.italy-croatia.eu\/it\/web\/aliena\" target=\"_blank\" rel=\"noreferrer noopener\">italy-croatia.eu\/it\/web\/aliena<\/a><br>Linkedin: <a href=\"https:\/\/www.linkedin.com\/in\/aliena-project-63b68b326\/\" target=\"_blank\" rel=\"noreferrer noopener\">Aliena Project<\/a><br>Facebook: <a href=\"https:\/\/www.facebook.com\/people\/Aliena-Interreg-Italy-Croatia\/61561610453084\/?locale=it_IT\" target=\"_blank\" rel=\"noreferrer noopener\">Aliena &#8211; Interreg Italy \u2013 Croatia<\/a><br>Instagram: <a href=\"https:\/\/www.instagram.com\/alienaproject\/\" target=\"_blank\" rel=\"noreferrer noopener\">@alienaproject<\/a><br><\/p>\n","protected":false},"featured_media":44324,"template":"","portfolio_category":[29],"portfolio_tag":[],"class_list":["post-44300","portfolio_page","type-portfolio_page","status-publish","has-post-thumbnail","hentry","portfolio_category-europrogettazione"],"acf":[],"_links":{"self":[{"href":"https:\/\/www.epcsrl.eu\/it\/wp-json\/wp\/v2\/portfolio_page\/44300","targetHints":{"allow":["GET"]}}],"collection":[{"href":"https:\/\/www.epcsrl.eu\/it\/wp-json\/wp\/v2\/portfolio_page"}],"about":[{"href":"https:\/\/www.epcsrl.eu\/it\/wp-json\/wp\/v2\/types\/portfolio_page"}],"wp:featuredmedia":[{"embeddable":true,"href":"https:\/\/www.epcsrl.eu\/it\/wp-json\/wp\/v2\/media\/44324"}],"wp:attachment":[{"href":"https:\/\/www.epcsrl.eu\/it\/wp-json\/wp\/v2\/media?parent=44300"}],"wp:term":[{"taxonomy":"portfolio_category","embeddable":true,"href":"https:\/\/www.epcsrl.eu\/it\/wp-json\/wp\/v2\/portfolio_category?post=44300"},{"taxonomy":"portfolio_tag","embeddable":true,"href":"https:\/\/www.epcsrl.eu\/it\/wp-json\/wp\/v2\/portfolio_tag?post=44300"}],"curies":[{"name":"wp","href":"https:\/\/api.w.org\/{rel}","templated":true}]}}

<p>Servizio di assistenza tecnica e finanziaria nella gestione delle attività progettuali a carico della <a href="https://www.regione.puglia.it/" target="_blank" rel="noopener">Regione Puglia</a>, sia in qualità di coordinatore che in qualità di partner di progetto. Attività di Project Management, rendicontazione, supporto al coordinamento del partenariato e comunicazione interna, assistenza nella gestione dei rapporti con il JS e l’AdG.</p>



<p>ALIENA (ALIgning Efforts to control Non-indigenous species in the Adriatic sea) è un progetto Standard finanziato nell&#8217;ambito del 1° bando del Programma Italia-Croazia. ALIENA si propone di promuovere informazioni e un sistema di monitoraggio condiviso per migliorare la protezione della biodiversità contro le specie NIS (non indigene), partendo dall&#8217;identificazione di NIS target che potrebbero rappresentare una minaccia per gli ecosistemi marini locali e arrivando a sviluppare soluzioni di allerta precoce.</p>



<p>Sito: <a href="https://www.italy-croatia.eu/it/web/aliena" target="_blank" rel="noreferrer noopener">italy-croatia.eu/it/web/aliena</a><br>Linkedin: <a href="https://www.linkedin.com/in/aliena-project-63b68b326/" target="_blank" rel="noreferrer noopener">Aliena Project</a><br>Facebook: <a href="https://www.facebook.com/people/Aliena-Interreg-Italy-Croatia/61561610453084/?locale=it_IT" target="_blank" rel="noreferrer noopener">Aliena &#8211; Interreg Italy – Croatia</a><br>Instagram: <a href="https://www.instagram.com/alienaproject/" target="_blank" rel="noreferrer noopener">@alienaproject</a><br></p>
